u). Let j = 4 - 2. Suppose 7*o = j*o + 25. Determine s(o).
7
Let v(w) = 2*w - 4. Let x(s) = 1. Let z(h) = -v(h) - 4*x(h). Let o(n) = 2*n - 18. Let d be o(10). What is z(d)?
-4
Let p(o) = -2*o + 20. Let d be p(8). Let c(a) = 16*a**2 - 24*a + 19. Let v(l) = -3*l**2 + 5*l - 4. Let n(q) = -2*c(q) - 11*v(q). Calculate n(d).
-6
Let z(u) = 2*u + 2*u**2 + 3 + 3*u + 0 - 2*u. Let t(a) = -3*a**2 - 6*a - 5. Let f(y) = 3*t(y) + 5*z(y). Give f(2).
-2
Let o(n) = -n - 23. Suppose -2*j = -4*d + 12, -4*j - 4*d = -j + 38. Determine o(j).
-13
Let k(l) be the first derivative of -l**4/4 + 2*l**3 - 2*l**2 - 2*l + 8. Determine k(4).
14
Let h(k) = -20*k**3 - 13*k**2 - 20*k - 26. Let o(z) = -7*z**3 - 4*z**2 - 7*z - 9. Let b(j) = -6*h(j) + 17*o(j). What is b(-10)?
-7
Let x be (-2)/(-1)*(1 - 2). Let d(c) = 3*c**2 - c - 1. Determine d(x).
13
Let w(i) = -i**3 + 3*i**2 + 3*i + 1. Let r = 1 - -4. Suppose -5*l - 11 = -4*s, -r*l - 2*s - s = 18. Let z be (8/(-4))/(2/l). Calculate w(z).
10
Suppose 3*y - 14 = -2*n - 4, -2*y = 5*n - 3. Let u(b) = -b**3 + 5*b**2 - 2*b - 1. Determine u(y).
7
Let p(t) = -1 + 10*t + 239*t**2 - 1 - 240*t**2 - 4. Calculate p(9).
3
Let v(r) = 2*r**2 + 3*r + 1. Let i = -3 + 10. Let j(x) = x**3 - 7*x**2 - 3. Let w be j(i). Calculate v(w).
10
Let x = 0 - -3. Suppose 0 = -3*y + 5*u - 26, x*y - 7*y = 3*u - 4. Let w(b) be the first derivative of -7*b**2/2 - 3*b - 1. Calculate w(y).
11
Let k(u) = -2*u + 9. Let r = 14 - 8. Calculate k(r).
-3
Let b(h) be the third derivative of h**4/6 + h**3/6 + h**2. Let t(z) = -z**2 + z - 4. Let y be t(0). Let s be -3 - (0 + -1) - y. Calculate b(s).
9
Let v(b) be the first derivative of -b**2/2 + 7*b - 2. Let c be (0*(-6)/(-12))/3. Give v(c).
7
Let q(r) = 5*r + 1. Let b(z) = 6*z + 1. Let x(p) = 4*b(p) - 5*q(p). Let t be 4/14 + 4/(-14). Let f = 5 + t. What is x(f)?
-6
Let n(o) be the second derivative of 0*o**2 - 1/720*o**6 + 0 - 1/15*o**5 + 0*o**3 - 2*o + 1/4*o**4. Let f(k) be the third derivative of n(k). Calculate f(0).
-8
Let v(m) = 5*m - 1. Let l(i) = i. Let w(z) = 4*l(z) - v(z). Let q(f) = -f + 6. Let n be q(0). Give w(n).
-5
Let f(m) = m**2 + 3*m + 2. Let r be f(-3). Let t(p) = 2 + 4*p**3 - 3 - 2*p**r + 2. Suppose -n = -2*d - 7, 3*n - 9 = 6. Calculate t(d).
-5
Let d(w) = w - 2. Suppose -3*j = -4*h - 27, 20 = 5*j - 4*h - 17. Give d(j).
3
Suppose 0 = -4*f + 5 + 7. Let d(z) = -z + 4. Give d(f).
1
Let w be (0 + 20/(-15))*(-9)/(-2). Let n(a) = 8 + 4*a - 2 - 3*a. Calculate n(w).
0
Suppose -3*k - 2*d = -23, -5*d + 10 = k - 2. Let b(j) = -9 + k*j**2 - 7*j - 2*j**2 - 4*j**3 + 0*j**2 + 5*j**3. Let s be 0/(-3) - 2*3. Give b(s).
-3
Let z(g) = g**2 + 3*g + 3. Let q(f) = 1 + f**2 - 2*f**2 - 3 - 1. Let s be q(0). Determine z(s).
3
Let o(y) = -7*y - 4. Let c = -41 + 38. Calculate o(c).
17
Let q(a) = -4*a - 8. Let b(j) = -10*j - 20. Let m(u) = 5*b(u) - 12*q(u). Suppose 6*d + 16 = 2*d. What is m(d)?
4
Suppose -m - 5 = -2*m. Let y(p) = 8*p + 6. Let i(f) = -4*f - 3. Let z(b) = m*i(b) + 3*y(b). Give z(-2).
-5
Let n(w) = -4*w**2 - w + 2. Let u be 20/(5 - (6 + -2)). Let q be u/25*(-5)/2. Give n(q).
-12
Let y(i) = 11*i**2 - 3*i - 5 + 9*i - i**3 - 6*i**2. Let r(v) = -v + 6. Let h be r(0). Calculate y(h).
-5
Suppose -5 = -4*t - t. Let k be t*5/(15/6). Let b(o) = o**2 + o. What is b(k)?
6
Let b be (-9 - 1)*(3 - 1). Let h be (-4)/b + 18/10. Suppose -2*i - 7 = c, -2*c + 0*c + h = 0. Let v(s) = s**3 + 3*s**2 - 5*s - 2. Determine v(i).
2
Let g(r) = r - 7. Let u be g(9). Suppose -10 = u*w + 2. Let q = 4 + w. Let p(b) = -b**3 - 3*b**2 - b + 2. What is p(q)?
0
Let t(w) be the first derivative of w**3/6 + 9*w**2/2 + 2*w - 5. Let i(n) be the first derivative of t(n). Calculate i(0).
9
Let v(r) = 5*r**3. Let k = -12 + 13. What is v(k)?
5
Let m be (2 + (13 - 3))/2. Let n(v) = 3 - 5*v + 10 - v**2 - m. Let x be 11/(-2) - (-1)/2. Determine n(x).
7
Let p(k) = -k - 8. Let w be p(-8). Let v(h) = 11*h + w*h + 4*h - 6*h. Give v(1).
9
Suppose 2*q + 2*q = 12. Let i(g) be the second derivative of -1/2*g**2 - 1/6*g**3 + 1/12*g**4 + 0 + 3*g. What is i(q)?
5
Let g(v) = -2*v + 1. Let d be g(-1). Suppose 11 = -4*i + k, 2*i + d*i + 30 = -2*k. Let o = -2 - i. Let x(f) = 4*f. Calculate x(o).
8
Let p = 37 + -33. Let s(v) = v**3 - 4*v**2 + 5. What is s(p)?
5
Let i(z) = -10*z**3 - 2*z**2 - 2*z - 1. Suppose 0 = 2*r + 5 + 9. Let u = -4 - r. Suppose -u*y - 4 = y. Calculate i(y).
9
Suppose 0 = 2*r + 2*r - 16. Suppose -2*y - 1 - 3 = 2*p, -r*y - 8 = -4*p. Let i(u) = -2*u**2 - 2*u + 2. Give i(y).
-2
Let a = -10 - -12. Let l(g) be the first derivative of g**6/120 - g**5/20 + g**4/8 - g**2/2 + 1. Let q(z) be the second derivative of l(z). Calculate q(a).
2
Let i(h) = h**3 - 5*h**3 - 15*h**2 + 13*h**2 + h**2. Let g(w) = w**3 + w**2 - 2*w - 1. Let m be g(-2). Give i(m).
3
Suppose 4*t + 0*t = 16. Let h(m) be the first derivative of 1/2*m**2 + 5/3*m**3 - 2 - t*m - 1/4*m**4. Calculate h(5).
1
Let z(v) = -7*v + 8. Let y(q) = -13*q + 15. Let n(a) be the second derivative of 7*a**4/12 - a**3/6 + a. Let d be n(1). Let k(m) = d*y(m) - 11*z(m). Give k(3).
-1
Let c(x) be the first derivative of 9*x**2/2 - x + 18. Calculate c(1).
8
Let h(a) = 5*a + 2. Let i(q) = -q. Let v(x) = -h(x) - 2*i(x). Let f(b) = -4*b**2 + 1. Let p be f(-1). Determine v(p).
7
Let c(x) = 3*x - 52. Let v be c(21). Let g(u) = -u**2 + 12*u - 5. Determine g(v).
6
Let w(q) = -3*q**2 + 1 + 6*q**2 - 4*q**2. Let h be (-12)/2*(-3)/(-9). Let i(x) = -x**3 + 8*x**2 - 5*x - 1. Let o(f) = h*w(f) - i(f). What is o(5)?
-1
Let d(x) be the second derivative of x**3/2 - x**2/2 - 28*x. Suppose 3*b - 22 = 5*u, -2*u = 2*b + 6 + 6. What is d(b)?
-4
Suppose 0*x - 4 = -x. Let k(t) = 4 - 5*t - 3 - 4 + 1 + t**2. Give k(x).
-6
Suppose -39 = -t - 42. Let i(r) = r. Calculate i(t).
-3
Let i(a) = 15*a. Let j be 0/2 - (2 + 2 + -5). Determine i(j).
15
Let w(i) = 3 - 4 + 0*i - 2*i + i. Determine w(6).
-7
Let x(a) = -8 + 5 + 7 + a. Give x(0).
4
Let q(f) = -5*f + 9*f + 2*f**2 - 7 + 3*f**2 - 4*f**2. What is q(-6)?
5
Let f be 5 + 1*(2 + -5). Let a(h) = 1 - h**2 + h + 1 - 4*h. What is a(f)?
-8
Let p = 2 - 0. Suppose -p*k + 2 = -2. Let o(g) = -2*g**2 + 4*g - 3. Give o(k).
-3
Let y(w) be the first derivative of w**3/3 - 9*w**2/2 + 3*w - 18. Determine y(6).
-15
Let u(q) = -q + 9. Let p be u(5). Let i(o) be the third derivative of o**4/12 - o**3/3 + o**2. Give i(p).
6
Suppose 5*j = 3*q - 0 + 2, 4*q + 1 = 5*j. Let g(x) = -4*x**3 - 3*x**3 - 2*x**2 + 2*x**2 + 1. Determine g(q).
-6
Suppose 80 = 5*z + 5. Suppose -2*x + z = x. Let q(n) be the first derivative of -n**3/3 + 3*n**2/2 + 3*n - 1. Calculate q(x).
-7
Let c(x) = -2 - 6*x - 3*x**3 + x**3 - 6*x**2 - 3*x**3 + 6*x**3. Let f be c(7). Let o(i) = -f*i - 6 + i + 5*i - 4*i. Calculate o(-5).
9
Let z(l) be the second derivative of -l**4/12 - l**3/2 + 2*l**2 + 2*l. Calculate z(-5).
-6
Let s(p) = p**2 + 4*p + 2. Suppose 0 = -4*m - 4 + 20. Let u = -9 + m. Calculate s(u).
7
Let y(t) be the third derivative of 1/120*t**6 + 0 + 1/24*t**4 + 2*t**2 - 1/20*t**5 + 0*t - 1/6*t**3. Let r(k) = 2*k**2 + 3*k. Let w be r(-2). Give y(w).
-3
Let q(h) = 3*h**2 + 1. Let y = 15 + -16. What is q(y)?
4
Let z(p) = 2*p**2 + 37 + 0*p**2 - 6*p - 36. Give z(4).
9
Let v(g) = -5*g**2 - g**3 - 5 - 4 - 5*g + 2*g**3 + 15. What is v(5)?
-19
Let n be 1*-2*1/(-2). Let a be 6*n/4*2. Let m(g) = 2*g - 2*g + 5 + a*g + 0*g**2 - g**2. Determine m(4).
1
Let t(i) be the third derivative of i**5/60 + 5*i**4/24 + 5*i**3/6 + i**2. Suppose -3*h + 1 = -17. Let g be 1/h*3*-10. What is t(g)?
5
Let w(r) = -r**2 + 3*r - 2. Let h = -15 - -19. Determine w(h).
-6
Let g = -39 - -39. Let w(b) be the third derivative of 2*b**2 + 1/30*b**5 - 1/24*b**4 + g + 0*b - 1/3*b**3. Determine w(2).
4
Let g be ((-12)/18)/((-4)/(-6)). Let l(a) = 7*a**2 - 2*a - 1. Give l(g).
8
Let z be 3/(-12) - 25/(-20). Let u(v) = -1. Let m(b) = 2*b + 6. Let x(n) = z*m(n) + 4*u(n). Calculate x(-3).
-4
Let k(b) be the first derivative of -b**4/4 - b**3/3 + b**2/2 + b + 2. Let f(y) = 6*y**3 + y**2 - 3*y - 2. Let q(m) = f(m) + 5*k(m). Calculate q(3).
0
Let g(h) = -4*h**2 - 2*h + 11. Let n(t) = 5*t**2 + t - 12. Let q(p) = -6*g(p) - 5*n(p). Calculate q(6).
0
Let j(b) = 8*b**2 + 1. Suppose 0 = -5*a + 6 - 1. Calculate j(a).
9
Let q(t) = 2*t**2 - 102*t - t**2 + 4 + 109*t. Calculate q(-6).
-2
Let i(v) = -3 + 5 + 186*v -